3*q - 653 + 188 = 0. What is the remainder when q is divided by 39?
38
Suppose -4*z + 2 + 10 = 0. Suppose 4*d = 5*x - 67, -z*x + 73 = 2*x - d. Let u(m) = m**3 - m + 28. Calculate the remainder when u(0) is divided by x.
13
Suppose 25*x + 99 = 28*x. Suppose 2*c = c + 3. Suppose 0*u + c*u = x. Calculate the remainder when u is divided by 7.
4
Suppose 4*z + z - b - 121 = 0, 2*z - 2*b - 42 = 0. Calculate the remainder when z is divided by 13.
12
Let p(h) = -h + 13. Let u be p(9). Suppose u*t - 16 - 40 = 0. Calculate the remainder when t is divided by ((-4)/6)/(2/(-15)).
4
Suppose -8*u = -6*u - 16. Calculate the remainder when 103 is divided by u.
7
Suppose 0*c + 184 = 2*c. Suppose 2*f = 4*f - c. What is the remainder when f is divided by 12?
10
Suppose a + 216 = 10*a. Calculate the remainder when 92 is divided by a.
20
Let n = -11 - -19. What is the remainder when 52 is divided by n?
4
Suppose 0 = -12*m + 16*m - 76. Calculate the remainder when 92 is divided by m.
16
Let v = 13 + -3. Let q(a) = a**2 - 2*a - 5. Calculate the remainder when q(-4) is divided by v.
9
Let m(v) = v**2 - 3*v - 5. Let y(k) = k**2 - 2*k - 6. Let o(w) = 7*m(w) - 6*y(w). Calculate the remainder when 45 is divided by o(11).
22
Suppose 0 = -5*v + z + 262, -3*v = 2*v + z - 258. Suppose -2*j = 5*f - v, -2*f + 2*j + 18 = -14. Calculate the remainder when f is divided by 7.
5
Let d = -13 - -27. What is the remainder when 37 is divided by d?
9
Let v be (-24)/(-10)*30/(-4). Let c be 102/27 - 4/v. What is the remainder when 40 is divided by (-56)/c*(0 - 1)?
12
Let i(n) = -n**3 - 13*n**2 - 11*n + 16. What is the remainder when 15 is divided by i(-12)?
3
Suppose -3*h + k + 189 = 0, 3*k + k = 12. What is the remainder when h is divided by 1 + 520/25 + (-3)/(-15)?
20
Let z(d) = d**2 - 7*d + 1. Calculate the remainder when z(8) is divided by 5.
4
Suppose 83 + 122 = 5*l. Calculate the remainder when l is divided by (-69)/(-6) - 1/2.
8
Let b(o) = 8*o - 21. Calculate the remainder when b(7) is divided by 18.
17
Let p(a) = 23*a**2 - a. Let o be p(-1). Let s be 1/(-2) - (-49)/14. Calculate the remainder when 46 is divided by (8/s + -2)*o.
14
Let k = 4 + -2. Suppose 0 = -x + 2 + k. Suppose 6 = 3*y, -4*f + 40 = -3*y + y. Calculate the remainder when f is divided by x.
3
Suppose -o = 3*o - 56. Calculate the remainder when o is divided by 105/(-70)*(-16)/6.
2
Let a(d) = d**3 + 6*d**2 + 6. Let l(i) = -i - 6. Let m be l(0). Let v = -780 + 801. What is the remainder when v is divided by a(m)?
3
Let g(t) = t**2 + 4*t + 7. Suppose -w - 4*f - 2 = 0, -4*w - f + 4*f = -68. Calculate the remainder when w is divided by g(-3).
2
Let z be (3 - 2) + 6*-1. Let f(j) = j + 7. Calculate the remainder when 3/(-2)*8/(-6) is divided by f(z).
0
Let a = -26 + 30. Suppose s - 3*s + 20 = -a*n, 4*n + 56 = 5*s. What is the remainder when s is divided by 8?
4
Let s(q) = q**2 + 1. Let x(b) = -147*b**3 - b**2 - 2*b - 1. Calculate the remainder when x(-1) is divided by s(-6).
36
Let b(u) = 10*u + 1. Let j(v) = -9*v - 2. Let x(c) = 4*b(c) + 5*j(c). Let r(s) = -s**3 + 5*s**2 + 8*s - 7. What is the remainder when x(-4) is divided by r(6)?
4
Let p(h) = h**3 + 3*h**2 - 2*h - 3. Calculate the remainder when p(-3) is divided by 2.
1
Suppose -3*l - 49 = -4*u - 15, u = -3*l + 16. Let h = -8 + u. Let m = 6 + -1. Calculate the remainder when m is divided by h.
1
Let m = 26 + -14. Suppose -m = -0*o + 4*o, 3*c = o + 69. What is the remainder when 41 is divided by c?
19
Let v be (-510)/25 + 3/(-5). Let x be (-57)/(-21) + (-6)/v. Suppose -2*s + 3 = -x. Calculate the remainder when 9 is divided by s.
0
Let l be (-1)/(20/(-18) + 1). Let x = l - 7. Suppose -2*z - 19 + 57 = -2*y, -3*z = -x*y - 54. Calculate the remainder when z is divided by 9.
7
Suppose 0*a = -5*a + 15. Suppose a*f = f + 22. Suppose -f - 74 = -5*b. What is the remainder when 32 is divided by b?
15
Let g = -6 + 4. Let y(k) = -2*k**3 + k. Calculate the remainder when 25 is divided by y(g).
11
Let c(k) = -4*k**3 - 3*k**2 - 3*k - 3. Let x = 43 - 30. Calculate the remainder when c(-2) is divided by x.
10
Let a = 38 - 24. What is the remainder when a is divided by 4?
2
Let u(f) = f**3 + 5*f**2 + 2*f + 1. Suppose 4*o - 4*x + 88 = 0, 0 = -o + 2*x - 0*x - 19. What is the remainder when (11 - 10)/((-1)/o) is divided by u(-2)?
7
Suppose -t + 13 = -4. Calculate the remainder when 50 is divided by t.
16
Calculate the remainder when 36 is divided by (-4 - -3)/((-1)/10).
6
Let g(w) = -4*w**2 + 3*w - 2. Let y(q) = q**2 + 1. Let m(i) = g(i) + 3*y(i). What is the remainder when 7 is divided by m(2)?
1
Let r = 11 - 7. Suppose -5*o + 2*c - 182 = 4*c, 5*c = -r*o - 149. Let f = -21 - o. Calculate the remainder when 28 is divided by f.
13
Let l = 7 + -6. Suppose i = 2, i + l = 2*h - 1. Calculate the remainder when 2 is divided by h.
0
Let v = -2 + 14. Calculate the remainder when 21 is divided by v.
9
Suppose 0 = -0*h + 2*h - 14. Calculate the remainder when 19 is divided by h.
5
Let y(l) = -l**3 + 6*l**2 + 9*l + 7. Let s be y(7). Suppose 0 = -4*w, 3*o - 9 = 3*w + s. Let x = 15 + 4. What is the remainder when x is divided by o?
9
Let d = -110 - -159. Suppose -2*c + 7 + 19 = 0. What is the remainder when d is divided by c?
10
Let m(d) = 2*d. Let p be m(4). Suppose 0*i + p = 2*i. What is the remainder when 9 + -3*(-2)/3 is divided by i?
3
Let i = 6 - 3. Let p be -3*-1*(-2)/6. Let g = p + i. Calculate the remainder when 5 is divided by g.
1
Calculate the remainder when -6*66/15*15/(-9) is divided by 23.
21
Let v = -58 + 81. Suppose 11 = 3*n + 32. Let a = n + 15. What is the remainder when v is divided by a?
7
Let p(c) = -3*c - 5. Suppose -4*f - 26 = -6. Calculate the remainder when 19 is divided by p(f).
9
Suppose 3 = 3*a - 18. What is the remainder when a is divided by 1/(-2*(-3)/18)?
1
Let z = 43 - 38. What is the remainder when 39 is divided by z?
4
Suppose 0 = 3*n - 2*n. Suppose 5*p + n*p - 90 = 0. What is the remainder when p is divided by 7?
4
Let l(p) be the first derivative of p**4/4 + 8*p**3/3 + 7*p**2/2 - 2*p + 4. What is the remainder when l(-5) is divided by 20?
18
Suppose i = -8 + 18. Calculate the remainder when 67 is divided by i.
7
Let h be (0 + (2 - 1))*-1. Let x = -50 - -68. What is the remainder when (-7 + h)*x/(-8) is divided by 10?
8
Suppose 200 = -2*g + 7*g. What is the remainder when g is divided by 12?
4
Let o = -9 - -19. Let h = 15 - o. Suppose 3*m - 5*a = 117 - 38, 0 = -5*m - h*a + 105. What is the remainder when m is divided by 12?
11
Let b be ((-16)/8)/(2/(-93)). Suppose -24 - b = -3*v. Calculate the remainder when v is divided by 21.
18
Let s(y) = -2*y**3 - 7*y**2 - 7*y + 1. Calculate the remainder when 24 is divided by s(-3).
11
Suppose 4*y - 15 = 5*c, 3*y = -6*c + 3*c + 45. Suppose -5*o = -3*d + 137, -22*d + 5*o = -26*d + 136. What is the remainder when d is divided by y?
9
Let o = 1 - 5. Calculate the remainder when ((-87)/(-6))/((-2)/o) is divided by 10.
9
Calculate the remainder when 33 is divided by 156/9 + 5/(-15).
16
Let m = -7 + 4. Let o = m - -3. Suppose 4*k = -o*k + 12. What is the remainder when 7 is divided by k?
1
Suppose z + 64 = 2*z. What is the remainder when z is divided by 25?
14
Suppose -26*m + 23*m = -18. Suppose -3*u = -m*u + 48. Calculate the remainder when 47 is divided by u.
15
Let j be (2/(-4))/(3/(-402)). Suppose j = 2*c + 5*q, 3*q + 64 = 3*c - 26. Calculate the remainder when c is divided by 16.
15
Let a = 134 + -2. Calculate the remainder when a is divided by 27.
24
Let g = 6 - -14. Suppose -t = -0*t - 21. Suppose -4*v + t + 23 = 0. What is the remainder when g is divided by v?
9
Let l(g) = 8*g**2 + 1. What is the remainder when l(-2) is divided by 12?
9
What is the remainder when 31 is divided by ((-4 - 0) + 12)*2?
15
Let m(x) = -2*x + 3. Let l = 6 + -13. Calculate the remainder when 47 is divided by m(l).
13
Let s(t) = t**2 + 6*t - 1. Let a be s(-4). Suppose -5*w + d - 4*d = -120, 5*d = -4*w + 96. Let z = w + a. What is the remainder when 59 is divided by z?
14
Suppose 2*r + 50 = 2*k - 14, 5*k + 4*r = 115. Calculate the remainder when k is divided by 17.
10
Let l(k) = -k**3 + 9*k**2 - 12*k. Calculate the remainder when l(5) is divided by 14.
12
Let i(s) = -s**3 - 3*s**2 - s + 2. Let p be i(-3). Calculate the remainder when 80/p*1/2 is divi